ns digit of b(v)?
1
Suppose a + 2*p - 23 = 0, -2*p - 23 = -2*a + 23. What is the units digit of a?
3
Let v = 50 - 5. Let s = -24 + 26. Suppose v = 3*c + 3*a, s*c + 3*a - 35 = -0*a. What is the units digit of c?
0
What is the tens digit of (-67 - -1)*(-27)/54?
3
Suppose -5*u + 129 = n, 6*u + 4*n = 2*u + 100. What is the units digit of u?
6
Suppose 0 = g + b - 165, -4*g = -0*b - 4*b - 676. What is the tens digit of g?
6
Let w(h) = h - 1. Let f be w(3). Suppose f*d - 32 = -a - 6, 54 = 2*a + 2*d. What is the tens digit of a?
2
Suppose -a + 5 = -2*o, 3*a - 4 = 5*o + 8. Let t be (a - -39) + (-15)/5. Suppose 13 = p + h, 0 = -5*p + 2*h - h + t. What is the units digit of p?
8
Let i(u) = u**3 + 2*u**2 - 4*u - 6. What is the units digit of i(4)?
4
Suppose 0 = 5*m - 1097 - 463. What is the units digit of m?
2
Suppose 3*r + 2*r = 0. Suppose 2*g = -r + 2. What is the units digit of g*(0 + 8/2)?
4
Let u(o) = o**3 + 7*o**2 - o - 5. What is the tens digit of u(-6)?
3
Suppose -3*u = 3*s - 48, 0*u + 2*u = 4*s + 26. Suppose -v + 2*d + 5 = -5, -3*v = -d - u. Suppose -4*i + 12 = v. What is the units digit of i?
2
Let c = 125 - 96. What is the tens digit of c?
2
Suppose -5*k - 12 = -8*k. What is the units digit of (102/(-4))/((-3)/k)?
4
Let s = 284 - 56. What is the units digit of s?
8
Let j be 3/(-2)*4/(-3). Let p(r) = -r**2 + j*r**2 - 2*r**2 - 9 + 14*r + 0. What is the units digit of p(12)?
5
Suppose -1 = -4*r - 13. Let d(t) = -7*t. Let y be d(r). Let u = -13 + y. What is the units digit of u?
8
Let h = -33 - -109. What is the tens digit of h?
7
Let q = 118 - 63. Let f = 101 - q. What is the units digit of f?
6
Let c(x) = x - 4. Let a = 0 - -6. Let h be c(a). Suppose 0 = w - 4*o - 23, -o - 4*o = -h*w + 34. What is the units digit of w?
7
Suppose -462 = 3*o - 9*o. What is the units digit of o?
7
Let a(u) = u**3 - 3*u**2 + 4*u. What is the units digit of a(4)?
2
Suppose 67 = 3*q + 2*u, 4*u = -5*q + 3*u + 114. What is the tens digit of q?
2
Let i(r) = -r**3 - 4*r**2 + 4*r - 8. Let k = 10 - 16. Let n be i(k). Suppose -4*g + q - 4*q = -n, 0 = q - 4. What is the units digit of g?
7
Let p = 21 + -36. What is the tens digit of (-6)/(-2) + (4 - p)?
2
Suppose -2*i + 12 = 3*c, 2*i = 3*c - 5 - 7. Suppose -70 = -c*z + 86. What is the units digit of z?
9
Suppose 16 = -4*i, -4*a = -i - 0*i - 92. What is the tens digit of a + 4/(-12)*0?
2
Let o = -256 - -371. What is the hundreds digit of o?
1
Let l be ((-2)/4)/(1/16). Let h(z) = -z**2 - 8*z + 1. Let c be h(l). Suppose 1 = -4*j + 2*d - c, 4*j - d = 1. What is the units digit of j?
1
Let i be -3 + 0/(-1) + 1. Let c(m) = -13*m - 2. What is the tens digit of c(i)?
2
Suppose -76 = -2*a + z - 30, -2*a - 3*z + 54 = 0. What is the units digit of a?
4
Suppose -2*o - 2 = -y, 4*o + 2*y + 0*y + 4 = 0. Let j be ((-9)/3)/(o/5). Suppose j = r + 4. What is the tens digit of r?
1
Let l(y) be the first derivative of 3*y**2/2 - 25*y - 1. Let u(o) = -5*o + 38. Let r(p) = -8*l(p) - 5*u(p). What is the units digit of r(-5)?
5
Let x be -3 + (0 - 0) + 3. Suppose x = 3*g - 15 - 21. What is the tens digit of g?
1
Suppose -5 = 4*n - 4*a + 3, 4*a - 11 = 3*n. Suppose 3*q + 2*f - 14 = -0*f, -4*q + n*f = -30. What is the units digit of q?
6
Let t = 167 + -52. What is the hundreds digit of t?
1
Suppose 0 = z + 5*f + 12, f + 7 = 4*z - 8. Let c be (-2 - -4) + -1 + 1. Let i = c + z. What is the units digit of i?
5
Suppose 3 = l + 4*v - 71, 0 = -l - 2*v + 80. What is the units digit of l?
6
Suppose 0 = -3*a - 2*a + 55. Suppose a = o + 5*h, -3*o + 0*h + 7 = 2*h. What is the units digit of o*(0 + -1) + 2?
1
What is the units digit of -8 + 12 + 108/3?
0
Let n be (-21)/(0 + 2/(-2)). Let x = n - 12. What is the units digit of x?
9
Let a(v) = -v + 7. Let j be a(6). What is the tens digit of (-11 - -8) + (j - -16)?
1
Let a be (0 - (-15)/12)*4. Suppose -a*c + 12 = -c. Suppose -g - 4 + 1 = 0, -h + c*g = -13. What is the units digit of h?
4
Suppose 11*k - 524 - 3392 = 0. What is the hundreds digit of k?
3
Let w be (-16)/(-3) + (-12)/(-18). Let s(b) = b**3 - 5*b**2 - 6*b - 1. Let i be s(w). Let y = i - -8. What is the units digit of y?
7
Let q(k) = 27*k. Let y be q(8). Suppose -5*a + a = -y. What is the units digit of a?
4
Suppose 2*y + 0*y + 93 = 3*p, 3*p - 72 = -5*y. Let w = p + -12. What is the tens digit of w?
1
Let a = -1 - -6. Suppose a*v - 15 = 2*v. Suppose 0 = 4*h + v - 21. What is the units digit of h?
4
Let u = -6 - -10. Let b(m) = 2*m**2 - 6*m + 6. What is the units digit of b(u)?
4
Let k = -88 - -61. Let v be (-16)/(-6)*k/(-12). What is the units digit of (v/(-5))/(2/(-15))?
9
Let a = -14 + 1. Let b = -7 - a. What is the units digit of b?
6
Suppose 0*r - 2*g - 19 = -r, -2*g - 41 = -3*r. Let v(o) = 12*o - 7*o**2 - o**2 + 2*o**2 + 5*o**2 + 1. What is the tens digit of v(r)?
1
Suppose 2*f + 2*s = 100, -6*f = -3*f + 4*s - 154. What is the tens digit of f?
4
Let x(y) = 2*y - 6. Suppose 3*u - 4 = u. Suppose -u*c - 12 = -4*h, -3*c = -2*h - 5*c + 18. What is the units digit of x(h)?
4
Let v be (-6)/15 - 81/(-15). Suppose v*b + 37 = 177. What is the units digit of b?
8
What is the units digit of (-85)/(-20)*(0 + 4)?
7
Let t(d) = d + 4. Let p be t(0). What is the units digit of 51/9 + p/(-6)?
5
Suppose 0 = 2*q - q - u + 1, q - 2*u + 4 = 0. Suppose -q = -3*y + 2*y. What is the units digit of 0/(-1) - (-4)/y?
2
Let t be 3/(-2) + (-242)/(-4). Suppose -5*w + 280 = 2*q + t, 5*w = -q + 218. Suppose 7*v - w = 3*v + a, 2*v + 4*a - 8 = 0. What is the units digit of v?
0
Let m be (-2)/(4/(-42)) - 1. What is the units digit of 7/(-14)*m/(-2)?
5
Let c(d) = d + 14. What is the units digit of c(-8)?
6
Suppose 3*z - 4*q - 494 = 0, 2*q = 4*z - 2*z - 328. Suppose 0 = 3*j + 33 - z. What is the units digit of j?
3
Let x(r) = r**3 + 13*r**2 - 2*r - 2. Let s be x(-13). Suppose l - s = -l. What is the tens digit of l?
1
Let a be (-40)/(-12)*6/4. Suppose 0 = -a*x + 3*x - 3*j - 16, x = 4*j + 3. Let n = 21 + x. What is the tens digit of n?
1
Suppose 0 = -0*x - x - 18. Let i = 34 + x. Suppose -3 = -4*n - 5*o, i = -5*n + 2*o + 61. What is the units digit of n?
7
Let t = 411 + -160. What is the units digit of t?
1
Let l(a) = a**3 - 4*a**2 - 1. Let v be l(4). Let o be 66/(-14) + 2/(-7). What is the units digit of (-88)/(-10) + v/o?
9
Let j = -5 - -10. Suppose -c + 4 = -0*c. Suppose 0*q - j*m = -q + c, m = 0. What is the units digit of q?
4
What is the units digit of (-505)/(-15) - (-4)/(-6)?
3
Suppose -24 = -3*c - c. Let j = 16 - c. Let x = j + 5. What is the units digit of x?
5
Let t = 107 + -27. What is the tens digit of t?
8
Suppose 0*x - 3 = -3*x. Let s be 4/(1 + x) - -12. Suppose 4*z - 30 = s. What is the units digit of z?
1
Suppose -11*g + 9*g + 186 = 0. What is the tens digit of g?
9
Let n(v) = 72*v**3 - v. Let f be n(1). What is the units digit of (-1)/2 + f/2?
5
Suppose -m + 11 = 3*y, -2*m + 3*y = -5*m + 39. What is the tens digit of m?
1
Let l be -2 - -3 - -3 - 1. Suppose -3*t + 2*z + l*z = 14, t + 4*z = 18. Suppose -t*a - 3*a + 30 = 0. What is the units digit of a?
6
Let c = -31 - -63. What is the tens digit of c?
3
Suppose 1 = -4*w + 9. Suppose 0 = 3*q - w*q - 6. What is the units digit of q?
6
Let k(v) = -v + 14. Let d be k(12). Let u be (0 - -1)*(-2 + 1). What is the units digit of (-1)/(u + d) + 5?
4
Suppose -2*m = -4 + 8. Let l(s) be the second derivative of s**4/12 + s**2 - s. What is the units digit of l(m)?
6
Suppose -3*l - 6 = -4*l. Suppose -3*m = -l*m. Suppose 25 = -m*y + 5*y. What is the units digit of y?
5
Let y(o) = o**2 + o - 6. Let c be y(5). Let q = c + -44. Let x = -12 - q. What is the units digit of x?
8
Suppose -l - 2 = -3. Let w = 4 + l. What is the units digit of w?
5
What is the units digit of ((-20)/8)/(-5)*82?
1
Let g = -24 + 57. Let o = 46 - g. What is the units digit of o?
3
Suppose 0 = 3*d + 2*h - 12 - 5, 3*d + h - 16 = 0. Suppose -3*j + d*l = -59, 0 = -3*j + l - 42 + 97. What is the units digit of j?
8
Let a be (1 - -3)*6/(-8). What is the units digit of (a + 4)/(1/9)?
9
Suppose 3*o = 5*g - 220, -2*g + 176 = 2*g + 4*o. What is the units digit of g?
4
Suppose -3*w + 75 = -0*c + 3*c, -c - 5*w + 5 = 0. Let o = -7 + c. What is the units digit of o?
3
Let w(y) = -4*y - 7. Let l be w(-6). Let b(k) = -k**3 + 4*k**2 + 2*k + 6. Let h be b(5). Let m = h + l. What is 